 u?
5
Let s(g) be the third derivative of 0*g - 1/2*g**3 + 0 - 7/4*g**4 + 6*g**2. Let a be s(-1). What is the greatest common factor of 13 and a?
13
Let w be (-3 + 2)*4*(5 - 6). Suppose -3*n - w*y + 0*y = -1273, -3*y - 1689 = -4*n. Let i be 4/(4 + -6) + 49. What is the greatest common factor of n and i?
47
Suppose 23*b + 1539 = 32*b. Let k = 360 - b. Calculate the highest common factor of k and 14.
7
Let i(x) = -x**2 + 8*x - 5. Let r be i(5). Suppose -4*w - 14 = -2, -37 = -4*p - w. Let j be (-4)/2*(-125)/p. What is the highest common divisor of r and j?
5
Suppose -2*r = 3*l + 2*r + 182, -3*r = -5*l - 255. Let x = l + 56. Suppose -x*b + 7 = -n + 2, 4*b + 5*n = 45. What is the greatest common factor of b and 20?
5
Let k be 345/(1/(16/176*11)). Let x(d) = 40*d + 7. Let t be x(5). What is the highest common divisor of t and k?
69
Let j(z) = -z**2 + 6*z + 9. Let a = -31 - -38. Let n be j(a). Suppose -n*c = -142 - 92. Calculate the highest common divisor of 13 and c.
13
Suppose 3*s = 5*s - 36. Suppose -15*k - 180 = -s*k. Calculate the greatest common divisor of 20 and k.
20
Let f(c) = c**3 - 11*c**2 - 37*c + 368. Let y be f(12). Calculate the highest common divisor of y and 1.
1
Let h be 1510/30 + 3 + 2/3. What is the highest common divisor of 6 and h?
6
Let w(p) = 65*p - 10685. Let g be w(169). What is the highest common factor of 2076 and g?
12
Suppose -4*f + s + 152 = 0, 0 = -3*f + 4*s + 101. Suppose 2*l - 177 - f = 0. What is the highest common divisor of l and 24?
12
Let f(b) = b**3 + 6*b**2 - 3*b + 3. Let s be f(-10). Let m = 392 + s. Calculate the greatest common divisor of m and 275.
25
Let n be 4445/28 + ((-39)/12)/(-13). Let m be 6/(3 + (-2)/2). Calculate the highest common factor of m and n.
3
Let l(u) = -3 + 2*u**2 + 2*u - 10*u - 3 - 3*u**2. Let r be l(-4). What is the highest common factor of 85 and r?
5
Let m(q) = 4*q - 68. Let x be m(20). Let z be ((-4)/(-24) + (-314)/x)*-9. Calculate the greatest common divisor of z and 18.
18
Let q = 70 - 65. Suppose -12*h + 15*h - 51 = -5*s, 0 = -q*s + 15. Calculate the highest common divisor of h and 18.
6
Suppose 0 = -2*o + 17 + 47. Suppose 0 = -4*m + 5*n + 8, -3*m - 5*n + 7*n = -6. What is the highest common divisor of m and o?
2
Let h be (-27094)/(-155) + (-2)/30*-3. What is the greatest common factor of h and 70?
35
Let l = 1 + -4. Let z be (-4)/14*(-4 + l). Suppose 0 = 5*d + b - 35, -3*d = -7*d - 3*b + 39. Calculate the highest common divisor of d and z.
2
Let n = -18 - -25. Suppose -n*t + 209 = 13. Suppose 7*a - 4*a = -4*f + 17, -f + 4*a + t = 0. Calculate the highest common factor of f and 16.
8
Let k be (-15 - (-2 - -2))*154/(-385). Let s = 820 - 404. Suppose 0 = -4*x - 5*z + 398, 4*x - 3*z - z = s. What is the highest common factor of x and k?
6
Let p be ((-2)/(-7) - (-7380)/(-56))*-2. Let y = -259 + p. Suppose l + 48 = 4*l. Calculate the highest common factor of y and l.
4
Let t be 3*1/(-6)*1*-8. Let c be 393/t + (-12)/(-16) - 0. What is the highest common divisor of 27 and c?
9
Let b be 16/(-48) + 11/(-3) - 18. Let x(g) = -g - 12. Let c be x(b). Calculate the greatest common factor of c and 50.
10
Let x be (2/3)/(-11 + (-4970)/(-450)). Suppose d = b - 64 - 69, 2*b - 272 = -d. What is the greatest common factor of x and b?
15
Let v(r) = 19*r**2 + 70*r - 355. Let p be v(5). Calculate the highest common factor of p and 65.
5
Let m = -3845 + 3893. What is the greatest common divisor of 8232 and m?
24
Let j(u) = 2*u**3 + u**2 - 5*u + 3. Let s be j(1). Let x = 23 + -23. Suppose x = -71*i + 75*i - 44. Calculate the greatest common factor of s and i.
1
Suppose 2*q = 5*r - 69, 5*r + 352*q = 350*q + 81. Calculate the highest common divisor of r and 555.
15
Suppose -192 = -2*h - 198. Let k be 198/11 + (-4 + 2)*h. Let p be 2/(-6) + (-181)/(-3). What is the highest common factor of p and k?
12
Let h = -8 + 5. Suppose p + 67 = t, -2*p - 106 = -2*t - 7*p. Let i = t + h. What is the greatest common factor of 24 and i?
12
Let n be ((21445952/(-154))/41)/(4/(-14)). What is the highest common divisor of n and 16?
16
Let a = 98 - 56. Suppose 3*o + 7 = -5*m, -10*m + 9*m - 4*o = -2. Let g = a - m. Calculate the greatest common factor of 11 and g.
11
Let g(i) = 19*i - 2. Let t be g(-4). Let x = t - -137. Suppose -4*y = -41 - x. What is the highest common factor of y and 25?
25
Let m(t) be the first derivative of 2*t**3 + 42*t**2 - 50*t - 165. Let r be m(-15). Calculate the greatest common factor of 8 and r.
8
Let o(s) = -5*s**3 - 4*s**2 - 3*s - 1. Let l be o(-2). Suppose 86 = 5*a - 44. Suppose -l*d + 96 = -a*d. What is the greatest common divisor of d and 96?
32
Let o be (1 + 5/(-20))/(2/8). Suppose 31*p - o*p = 280. Calculate the greatest common divisor of p and 160.
10
Let o be (-67)/((-4020)/408)*1/(1/100). Calculate the highest common divisor of o and 180.
20
Suppose -10 = -3*r + 5*m, 2 = -2*m + 4. Suppose 11*l - 444 = r*l. Suppose -5*j + 676 = -l. Calculate the greatest common factor of j and 30.
30
Let k = 958 + -952. Let s(x) = -7*x + 6. Let n be s(-9). Let b be (0 + -1)*3 + n. Calculate the greatest common divisor of b and k.
6
Let y(x) = -2*x**3 - 3*x**2 - 6*x - 40. Let b be y(-4). Let q = -15 + b. Calculate the greatest common factor of q and 539.
49
Suppose 0 = -2*j - 16, -5*k + 5*j + 17232 = 1167. What is the greatest common factor of 5 and k?
5
Let n(a) = 1488*a + 4594. Let k be n(-3). What is the highest common divisor of k and 330?
10
Suppose 5*t = v + 149, -5*v = -4*t - 650 + 744. Let p = -409 + -211. Let d be (-1)/(2*2/p). What is the highest common divisor of t and d?
31
Let u be 483/3 + (2 - 2). Let o be 32 - 231/(-11) - -16. Calculate the greatest common divisor of u and o.
23
Suppose 0*q + 8 = -4*q. Let g(y) = -y - 1. Let x be g(q). Let h be ((-1 + 0)*3 + 53)/x. Calculate the greatest common factor of h and 20.
10
Suppose -3*r + 46275 = -21*a + 24*a, -28 = 4*a. What is the highest common factor of r and 24?
24
Let h = 16532 + -14090. Calculate the greatest common divisor of 594 and h.
66
Let t be (237*(1 - 2))/1. Let o be 306/(-136)*(1 + t). Calculate the greatest common factor of 59 and o.
59
Let s be (-34 + -11)*(-4 - (-2 - 1)). Let r be (-3)/6 - (-3)/(6/5). Let n be 6/r*(-4 - -7). Calculate the highest common factor of s and n.
9
Let n = -249 + 375. Let y = 447 - -145. Let i be y/14 + 12/(-42). What is the greatest common factor of n and i?
42
Let c be ((-6)/(-18 - -20))/((-3)/4). Calculate the greatest common factor of 188 and c.
4
Let w(n) = 9*n + 88. Let s be w(-10). Let r(u) = -3*u**3 + 9*u + 6. Let g be r(s). What is the highest common factor of 156 and g?
12
Let p(m) = 347*m**2 + 10*m - 13. Let s be p(3). Calculate the highest common factor of 20 and s.
20
Suppose -194 = -c + 2*w, 13*w - 15*w + 364 = 2*c. Suppose -2*u - 2*d = -c, -9*u - d + 186 = -7*u. Calculate the highest common divisor of 93 and u.
93
Suppose -2*n = -j + 28, 30*j + 84 = 35*j - 2*n. Calculate the greatest common factor of j and 1232.
14
Suppose 0 = -4*g + 3*c + 932, -124*c = 5*g - 121*c - 1192. Calculate the highest common divisor of 77172 and g.
236
Let v(r) = 28*r**2 - 4*r - 5. Let q be v(4). Let f = 13714 - 13653. What is the highest common factor of f and q?
61
Suppose -3*m + 161 - 221 = -4*n, -4*n + 5*m = -60. Calculate the greatest common factor of 3345 and n.
15
Let q = -364 - -220. Let r be (q/(-28))/((-45)/(-420)). Calculate the greatest common divisor of 208 and r.
16
Suppose 0 = 7*o - 0*o - 252. Suppose 36*n - 30*n = 270. What is the greatest common factor of n and o?
9
Suppose -12632 = -4*x - 4*r, -3138 = 1152*x - 1153*x + 4*r. Calculate the highest common factor of 498 and x.
166
Let y(b) = -b**3 + 5*b**2 - 7*b + 9. Let t be y(4). Let z = t + 29. Let n = 58 + -32. Calculate the greatest common divisor of n and z.
26
Let o(v) = -28*v**3 - 307*v**2 - v - 19. Let q be o(-11). What is the greatest common divisor of q and 3?
1
Let p(b) = b**3 + 27*b**2 + 3*b + 81. Let g be p(-27). Let r be 9*(g - (-3 + 4/(-12))). Calculate the greatest common divisor of 165 and r.
15
Suppose -61*c = -190*c + 1804710. What is the greatest common divisor of 10 and c?
10
Let m = -15 - -1. Let v = -5 - m. Suppose 0 = 30*o - 2184 + 26 - 2. What is the highest common factor of v and o?
9
Let c = -1220 + 2610. What is the